25 - ((25 - 69) + -141 - -9).
151
What is (-19 + 48 - -33) + -109?
-47
-8 - (12 + 7 - -25) - (6 - -2 - 1)
-59
What is 0 + -100 + -31 + (-614 - -618) + (2 - -16)?
-109
3 - (-45 + 21 - 69 - (-1 - 13))
82
Calculate (197 - 306) + 118 + (-80 - 2).
-73
Evaluate (-15 - (13 - 6) - -8) + 11 + -43.
-46
228 + (-134 + -20 - -19)
93
Evaluate 85 - 78 - (41 - 2) - -17.
-15
Calculate 19 - (1 - 1 - (219 - 236)) - (10 + -1).
-7
What is 3 - (12 + -14) - (-1 + 1 - -2)?
3
What is 78 + -105 + 140 + -178?
-65
Calculate 4 + (-26 + 8 - -14) + -1 + 32 + -3.
28
Evaluate (-6 + 9 - 12 - 0) + (182 - 124).
49
What is the value of (-16 + 5 - (-1 + 1)) + (22 - 6) - 84?
-79
What is (31 - -12 - -14 - 12) + -86 + 94?
53
13 - (176 + -25 + 28 + -10) - -13
-143
What is -38 + 8 - ((-45 - -49) + -69)?
35
Evaluate (0 + 10 - (81 + -35 + -23)) + 22.
9
What is the value of 119 - (19 + -49 + 5) - (2 + 22)?
120
-17 + 1 + -8 + 12 + -11 + 76
53
-4 - (18 - 26 - ((10 - 14) + 1 + -5))
-4
What is the value of -204 + 191 - (1 - 5)?
-9
What is 2 - 39 - (-1 + 1 + 5 - (9 - 12))?
-45
Calculate 1 + -1 - (23 - (32 + 31 + -73)).
-33
What is the value of 6 + (10 - (22 + (-9 - 2))) + 5 + 45?
55
(-114 - -7) + -3 + 22 + 5
-83
Evaluate (116 - 130) + (-9 - -1 - (-132 - 2)) + -1.
111
What is the value of ((-44 - (-15 - 3)) + 10 - -15) + -56?
-57
Evaluate 0 + 11 - -2 - (-2818 - -2796).
35
Evaluate -41 + 105 + (-148 - -167).
83
Calculate -39 + 72 + -25 + -21.
-13
Calculate -10 - -15 - (79 + -32 - 28).
-14
Calculate 29 + (-129 - 81 - (-1 + -23)).
-157
What is -22 + -10 + (2 - -15) + 2 + -12?
-25
What is the value of 88 + -1 - (0 - 15 - ((-7 - 66) + 69))?
98
What is -13 - -7 - -11 - (19 - (61 + -11 + 12))?
48
What is the value of 23 + (-49 - (-63 - -67))?
-30
(-69 - -18) + (33 - -14)
-4
What is the value of (-182 - (10 + (48 - 100))) + 14?
-126
Evaluate -57 - ((18 - 13) + -2 + -13).
-47
What is the value of 43 + 14 - (-179 + 232)?
4
What is the value of 22 + 2 + (19 - 40) + 11?
14
Evaluate (22 - -4) + 9 + (0 - 2) + -10.
23
82 + -2 - (-27 - (21 + -54 - -16))
90
What is 40 + -1 + -5 + -63 + 45?
16
Calculate (2 - -3) + (-30 + -57 + 1 - -24).
-57
Evaluate -29 - (-105 - (-113 - -86)).
49
Evaluate -14 - (55 - 63 - (3 - 0 - (-9 + -41))).
47
What is the value of (-2 - 1 - 0) + 58 + (-20 - -7)?
42
Evaluate (25 - -1) + (-316 - (-417 + 120)).
7
Evaluate (16 - (11 - -6)) + 1 + -5 + (-7 - 1).
-13
Calculate (14 - 29) + (-25 - (-13 - (-21 + 10))).
-38
What is (-17 - (-6 - (-12 + 0))) + -1 + -10?
-34
What is the value of (-33 - -59) + -17 + (3 - -4) - 54?
-38
Calculate -154 + (162 + -85 - -76).
-1
Calculate -2 + -13 - (78 - 147 - -60) - (-4 - 63).
61
What is the value of (-28 - -10) + -13 + 3 + -17?
-45
What is the value of (1 - -20 - (-4 - (-6 - 11))) + -10?
-2
Evaluate ((18 - -9) + -5 - -15) + (0 - -5).
42
Evaluate 10 + -8 - (-49 - (57 + -229)).
-121
What is the value of 55 + (-88 - 212) - -130?
-115
Calculate ((2 - 3) + 6 - -6) + -9 + -8 + -36.
-42
Evaluate -631 + 599 + -101 + 12.
-121
Calculate (1 - -1) + 83 - (132 - (365 + -255)).
63
What is -6 + (-3 + 28 + 59 - 18)?
60
What is the value of -20 + -1 + (2 - 3) - (-115 - -38)?
55
(4 - -60 - 12) + 21 - 18
55
Evaluate (-258 + 249 - (-44 - -3)) + -9.
23
-18 + -2 + 13 + 59
52
What is the value of (108 - ((-25 - -20) + (-2 - -3 - -10))) + -8?
94
Evaluate -82 - 31 - -54 - (0 - (-2 + 4) - -12).
-69
What is the value of (-56 - (-125 + 47)) + -26?
-4
7 - (-1 + -5 - (-40 - -42) - -1)
14
Calculate -1872 + 1854 - (7 + 19).
-44
-111 + (5 - -39) + (2 - -3) + -2
-64
30 - ((-3 - -14) + (356 - 266))
-71
What is the value of (-8 - ((-2 - (-1 + 9)) + 2)) + -3 + 5?
2
Calculate (-16 - 72 - -19) + 14 + (-9 - (2 + -3)).
-63
-31 - (-13 + -69 + -49)
100
What is 66 + (-51 - 1) - -15?
29
Calculate (30 - (57 - 52)) + 5.
30
Calculate 4 - ((-32 - (30 - 33)) + 15).
18
Evaluate -14 - -11 - (7 + -11 - 14 - 13).
28
What is the value of 3 + -3 - 3 - -26 - ((114 - 334) + 233)?
10
Evaluate -24 - (-13 - (-11 + 5 + -3)).
-20
What is the value of -22 + (-12 + -1 - -6 - (2 - 3) - 0)?
-28
Evaluate (0 - 1) + (-42 + (24 - 1) - -22) + 21.
23
(-4 - 1) + -144 + 6 + 112
-31
What is -11 + 95 + (-98 - -48)?
34
Calculate -30 + (-14 - (26 - 59)).
-11
Calculate 46 - -19 - (-4 - 3 - -4 - (-1 + -5)).
62
Calculate -32 + 10 + -42 - -30.
-34
What is the value of -68 - (-11 + 9 + 6 - (-16 - -2))?
-86
What is -19 + 68 + -34 - (-64 - -4)?
75
What is the value of -1 + (1 - (3 - 1) - (67 - 83))?
14
What is -40 - (-2 + (-6 - -1) + 9 - 16)?
-26
What is the value of -34 + (5 - (117 - (34 - -4)))?
-108
Calculate 3 + 34 + -6 - (-298 - -288).
41
Calculate (35 - 80) + -5 + 7.
-43
53 + -17 + -4 + -27 - -15
20
Evaluate -181 + 128 + -35 + -39 + -1.
-128
What is the value of -3 + 9 + (2 - 2) - ((-15 - -13) + 10)?
-2
-13 + 0 - (1 + 0 + (464 - 467))
-11
Calculate 81 - -62 - 123 - (-37 - -2).
55
What is (35 - 11) + (-15 - -10)?
19
Calculate -18 - 9 - (-88 + 66 + -42).
37
What is 7 + (2 - 1) + (-94 - -96) - (8 - 65)?
67
Calculate (14 - 6) + 44 + -59.
-7
What is the value of -264 + 320 + (33 - 0) - (-22 + 0)?
111
What is the value of 13 + (-1 - 4) + -77 - (2 + -11)?
-60
(-9 - -8 - (1 - 5)) + (-108 - -30) + 46
-29
12 - (-44 - (-4 + -36))
16
-41 + -2 + 17 + (-14 - -17 - 12)
-35
What is the value of (-13 - -8) + 18 + (-83 - -13)?
-57
Calculate (22 - (0 + 7)) + -5 - (3 - 7).
14
Calculate (-99 - (2 - (7 - 7) - 12)) + 11 + 8.
-70
What is (187 - 205) + (-13 - -57)?
26
Evaluate 13 - 47 - (-17 - 23).
6
What is the value of (1 - -16) + (521 - 530)?
8
Calculate -8 - (-20 + (-23 - -46) - (12 - 3 - 5)).
-7
-50 + (-2 + (-8 - -9) - -8 - (10 + -9))
-44
What is the value of (-24 - -10) + 1 - (-26 - 19 - 11)?
43
Evaluate 26 + (-47 - (-11 - -8)).
-18
Evaluate (61 - (-47 + 56)) + 49.
101
What is -1008 - -963 - (-2 + 13 + -5 - (-1 + -1))?
-53
Calculate 101 + (5 + -3 + 17 + -18 - (-30 - -22)).
110
Evaluate -67 + 189 + -95 - 79.
-52
Calculate 17 - 4 - (-20 - -60 - 27) - 24.
-24
Evaluate 6 + (-14 - (-11 + (9 - 8)) - 13).
-11
Evaluate 86 + (-7 + 6 - 28) - 22.
35
Evaluate -39 + -26 + 42 + -95 + -4.
-122
What is 55 + -44 - (-7 - 0 - 0 - -6)?
12
Calculate -2 - 1 - -3 - ((-16 - 26) + 46).
-4
What is the value of 60 + -10 + (13 - (18 + 3)) + 2?
44
(-72 - (-52 - 3)) + (-4 - -2 - (-3 + -5))
-11
What is 78 + -26 + -9 + (47 - 0)?
90
Calculate (-6 - -2 - 36) + (41 - (40 - 5)).
-34
What is the value of (-32 - (125 + -155)) + 0 + -16?
-18
What is the value of 17 + -8 - (60 - -17 - -4 - (-3 - 2))?
-77
Calculate (10 - (99 + -52)) + 53.
16
Calculate -154 + 150 + (-4 - (0 - -9)).
-17
Calculate 37 + (-1 - 38 - (-539 - -545)).
-8
(14 - (6 + (-46 - -40))) + 119
133
What is the value of (17 - 182) + 166 + (-1 + 1 - (-1 + -84))?
86
Evaluate -6 - -2 - (-259 - -264) - -18.
9
What is the value of 125 + 18 + -95 - (1 + 19)?
28
Evaluate -15 - (-20 + -127 - (-15 + 1 + -2)).
116
What is 1 - 32 - ((6 - 6 - -1 - -12) + -24)?
-20
Evaluate (0 - (0 + 0) - (-26 + (-13 - -16))) + -6.
17
-4 + (0 + (23 - 20) - (-42 - (-14 + 10)))
37
What is the value of 3 + -8 + (-35 - 0) + 66 + -60?
-34
What is the value of (-33 - -42) + 209 - 90?
128
39 + (-27 - (43 - 66 - 5))
40
What is -22 + 2 + (34 - (-81 - -220))?
-125
106 - (73 - 24) - (3 - ((-6 - -5) + 10))
63
Calculate 11 + (29 + -2 + -4 - (-15 + 20)).
29
Evaluate (2 - -12) + (-20 - -39) + -25.
8
310 + -298 + ((-1 - -1) + 3 - (-1 + -2))
18
What is 84 - (132 + -55) - -10?
17
Calculate 62 - ((-20 + 15 - -8) + -19).
78
Calculate -6 + 81 + 98 + -6 + -117.
50
Evaluate (10 - -10 - (1 + -8)) + 16 + -13 + 6.
36
Evaluate (-13 - -2) + 5 + (11 - 8).
-3
What is the value of -518 + 519 - (-9 - (-1 - 0) - 4)?
13
Calculate -190 + 194 - (33 + 3 + -8).
-24
What is the value of (3 - 59) + -2562 + 2634?
16
What is the value of 65 - (-47 + 27 + 112)?
-27
-16 - (-49 + (2 - -71))
-40
Calculate (17 - -3) + -62 + 1 + 2 + 11.
-28
Evaluate (-28 + 15 - -15) + ((4 - 155) + -1 - -6).
-144
What is 1 + -12 - (30 - (53 - -3) - -15)?
0
Evaluate -6 + (1 - 9) + -15 + -9 + 37 - 28.
-29
What is (29 - (9 - -20)) + 66?
66
8 - (-2370 - -2420 - (-2 + -18 + 2))
-60
0 + 12 + -4 + (98 - 56 - 27)
23
Evaluate 0 + 30 + -1173 + 1121 + 0.
-22
What is the value of (-52 - ((-21 - -13) + 20 + 0)) + (-7 - -3)?
-68
Evaluate -3 + -28 - (119 + -79 - 53) - 29.
-47
-234 - (-17 + (110 - 203))
-124
What is -40 + (-67 + 79 + -1